e -2*y = -n + 10. What is j(y)?
9
Let q(p) = -2*p - 27. Suppose 5*t - 61 = 3*z - 0*t, 4*z = -3*t - 33. What is q(z)?
-3
Suppose -53 = -7*o + 10. Let y(q) = 10*q - o*q + 6*q**2 - 4*q - q**3. Calculate y(2).
10
Let x(d) = -d**3 - 5*d**2 + 17*d + 23. Let a be x(-7). Let n(r) = -3*r**2 + 2 + 0 + 45*r - 44*r. Determine n(a).
-8
Let p(d) be the second derivative of -d**5/20 + d**4/6 - d**3/6 + d**2 - d - 17. Determine p(2).
0
Let z(o) = o - 6. Let r(d) = -d + 8. Let a(b) = 2*r(b) + 3*z(b). Let u = 13 + -5. Calculate a(u).
6
Let m be 30/(-4) - 3/(-2). Let g(n) = n**2 + 12. Let r(p) = -p + 1. Let a(f) = m*r(f) + g(f). Suppose 0 = 6*x - 3*x + 18. Give a(x).
6
Let t(x) = 7*x**2 - 11*x - 18. Let f(b) = 8*b**2 - 7*b - 18. Let r(c) = 4*c**2 - 4*c - 9. Let g(u) = 2*f(u) - 5*r(u). Let q(w) = -5*g(w) - 3*t(w). Give q(7).
-19
Let h(q) be the first derivative of -16*q**2 - 76. Determine h(-1).
32
Let r = -21 + 23. Let y(a) = r*a**2 - 48 + 49 - 3*a**2 + a. Suppose 0 = n - 4 + 1. What is y(n)?
-5
Let l be (-1)/((-3)/(-6)) + 5. Suppose g = l*g. Let m(z) = -z - 3*z**3 + 12 - 6*z**3 - 3*z**3 + 11*z**3. What is m(g)?
12
Let k(j) = j**3 - 18*j**2 + 33 - 3*j + 0*j**3 + 22*j**2 - 23. What is k(-5)?
0
Let r(y) be the third derivative of y**4/24 + 2*y**3/3 - 524*y**2 + 2*y. Give r(10).
14
Let x(j) = -j + 2. Let a be x(3). Let p = -1 + a. Let y be (-2)/p + (-7 - -4). Let s(w) = 3*w + 1. Determine s(y).
-5
Let u(t) be the first derivative of t**3/3 - 3*t**2 - 10*t + 131. What is u(8)?
6
Suppose -h + 3*h = -12. Let n(l) = 121*l**2 + 11*l - 7. Let z(t) = 222*t**2 + 21*t - 13. Let j(i) = -11*n(i) + 6*z(i). Determine j(h).
5
Let b = 23 + -14. Suppose m - b = -0*d + d, -5*d - 15 = m. Let x(s) = -s**2 - 4*s + 5. Calculate x(d).
5
Let k(h) = -2*h**2 - 30*h - 9. Let x be -8 - (728/(-8))/(-13). Calculate k(x).
-9
Let p(s) = -s - 7. Let c be p(-6). Let j(o) be the first derivative of 8*o**3/3 + o**2 + o - 39. Determine j(c).
7
Let u(i) = -2*i + 4. Suppose a = -3 + 8, -3*m - 3*a + 33 = 0. What is u(m)?
-8
Let c(y) = -3*y - 2. Let k(r) = r**2 + 19*r + 6. Let i be k(-19). Suppose -i = 2*o - 2. Give c(o).
4
Let h = 102 + 130. Let v(o) = 2*o**3 - 3*o**3 + h + 5*o - 227 + 4*o**2. Give v(5).
5
Suppose 48 = -7*n + 6*n. Let x be (-10)/(-6) + n/(-36). Let t(y) = 4*y - 3. Let v(a) = 11*a - 8. Let d(q) = -8*t(q) + 3*v(q). Determine d(x).
3
Let n(l) = -l**3 - 12*l**2 - 11*l + 10. Suppose 100 = -20*f - 120. Calculate n(f).
10
Let b(s) be the first derivative of s**5/60 - s**4/12 - s**2 - 1. Let w(t) be the second derivative of b(t). Suppose -4 = -2*g + 4. What is w(g)?
8
Let l = -10 - -11. Let u(c) be the second derivative of -11*c**3/6 - c**2/2 + 20*c. Give u(l).
-12
Let q(v) = 11*v + 4. Let r(i) = 5*i - 1. Let j(m) = 3*m. Let k(o) = -5*j(o) + 2*r(o). Let s(b) = -13*k(b) - 6*q(b). Calculate s(8).
-6
Let h = 47 + -15. Suppose -5*m + 3*q = q + 33, -3*q = -4*m - h. Let a(n) = 17*n**3 - 1 + 5 + 1 + 2*n + 11*n**3 + 5*n**2 - 27*n**3. What is a(m)?
-5
Let n(r) = -r**2 - 3*r - 2. Let g(x) = x**2 + 8*x - 1. Let j be g(-8). Suppose v + v + 4 = -5*l, -3*l = 0. Let s = v + j. What is n(s)?
-2
Let p(r) = -53 + 133 - 7*r - 42. What is p(5)?
3
Suppose 3*z = 2*c + 6, -c - 5 = -5*z + 5. Suppose -h + 3 = 3*n - z, 5*h - n - 9 = 0. Let j(a) = 2*a**3 - 2*a**2 - 2*a + 3. Calculate j(h).
7
Let x(w) be the second derivative of -w**5/20 + w**4/3 - 2*w**3/3 + w**2 + 2*w. Let o(y) = 7*y + 1. Let q be o(2). Suppose k = 6*k - q. Calculate x(k).
-1
Let h(m) = 6*m - 6. Let s(w) = 1. Suppose 6*l - 2*l = 12. Let a(y) = l*s(y) + h(y). What is a(2)?
9
Suppose 0*y = 2*y. Let b = y - 7. Let j(w) = 7*w. Let v(l) = 10*l. Let i(x) = -7*j(x) + 5*v(x). Calculate i(b).
-7
Let s(k) be the first derivative of -1/2*k**2 + 0*k + 10. Calculate s(4).
-4
Let i(g) = -g**3 + 4*g**2 + 7*g + 1. Suppose -5*d = 4 - 39. Let q = -2 + d. Suppose 0*b = q*b - 25. Calculate i(b).
11
Let u(n) = 56*n - 115*n + 61*n - 26. Calculate u(13).
0
Let o(v) be the first derivative of -v**4/4 + 5*v**3/3 + 2*v**2 - 3*v - 158. Give o(6).
-15
Let z(p) = 2*p**2 - 14*p - 3. Let o be 1*(6 + 3) - (8 + -5). Calculate z(o).
-15
Suppose -h - k = -490 + 502, -4*k = 12. Let f(u) = u**2 + 7*u - 9. Determine f(h).
9
Let v(j) = -j**3 - 6*j**2 - j + 5. Let p(s) = -2*s**2 - 30*s + 26. Let y be p(-16). What is v(y)?
11
Let i(s) be the third derivative of s**5/60 + s**3/3 - s**2. Suppose -9 = -2*t - 1. Let c be 1*3/(6/t). What is i(c)?
6
Let b be 12/18 + 4/(-6). Let l(c) be the second derivative of -c**4/12 + 3*c**2/2 + 5*c. Determine l(b).
3
Let x(h) = 3*h**2 - 24*h - 17. Let y(n) = n**2 - 12*n - 9. Let a(z) = -2*x(z) + 5*y(z). Calculate a(-11).
0
Suppose 4*k + 1 = 9. Let q = k - -2. Let h(m) be the third derivative of m**4/24 + m**3/3 - 4*m**2. Give h(q).
6
Suppose x + 3*d - d = -1, 0 = -4*d. Let a(q) = -4*q**3 - q**2 + 2*q + 3. Give a(x).
4
Let s(w) = -w**3 + 4*w**2 + w + 4. Let i be s(4). Let b = i + 5. Let h(t) = -t - 13 + b. Give h(-2).
2
Suppose 228 - 145 = n. Let j(h) = -4*h + 84*h**3 - n*h**3 + h**2 + 3*h. Calculate j(0).
0
Let k(d) be the first derivative of d**2 + 4*d - 12. Let i = -6 - -10. Give k(i).
12
Suppose 0*g - 4*g + 8 = 0. Suppose -5*a - 4*o = -20, 5*a + o + 0*o - 5 = 0. Let z(l) = a*l - 2*l**2 + g*l + 4*l + l**2. What is z(4)?
8
Suppose -4*d + 26 = 2*l, -3*d + 23 = 2*l - 0*d. Let k(h) = -h**3 + 6*h**2 + 9*h - 3. What is k(l)?
11
Suppose -8*x + 10*x - 5*p + 32 = 0, 4*x + 44 = 5*p. Let b(d) = d**2 + 4*d + 1. Determine b(x).
13
Let o be 16*(10/(-4))/(-5). Suppose -5*g = -20, v + 4*g - 27 = -o. Let u(b) = b - 1. Let w(k) = k**2 + 5*k - 2. Let r(x) = 6*u(x) - w(x). What is r(v)?
-10
Let l(g) = -g**2 - g + 1. Let z(q) = -4*q**3 + 37*q**2 - 7*q - 17. Let a be z(9). Calculate l(a).
-1
Suppose 104 = -7*k + 20*k. Let f(l) = 2*l - 8. What is f(k)?
8
Let g(q) = -5*q + 2. Suppose 4*t - 2 = 5*t, 0 = 2*b + 3*t + 2. Give g(b).
-8
Let f(h) = h - 5. Let y(b) = -2*b + 4. Let c(l) = 3*f(l) + 4*y(l). Suppose -5*n = -7*n - 138. Let d = -70 - n. Calculate c(d).
6
Let n(v) = -9*v**2 + v + 25. Let m(s) = 11*s**2 - s - 25. Let u(l) = -4*m(l) - 5*n(l). Give u(0).
-25
Suppose -w = 3*w - 20. Let l(i) = -4*i + 3. Let c(j) = 3*j - 3. Suppose -5*v - 11 = -1. Let m(q) = v*l(q) - 3*c(q). What is m(w)?
-2
Let r(z) = 42 + 0*z - 42*z**3 - 5*z - z**2 + 45*z**3 - 37. Give r(2).
15
Let g(u) be the second derivative of u**4/4 - 2*u**3/3 + 2*u**2 + 586*u. What is g(3)?
19
Let r be (5 - 2)*(-1)/1. Let n(c) = 4*c + 2 - 10*c**2 - 13*c**2 - 7*c**2 + 31*c**2. Let w(i) = 3*i**2 + 12*i + 6. Let q(j) = 7*n(j) - 2*w(j). Calculate q(r).
-1
Let u be 0*(3 - 4)/2. Let c(y) be the first derivative of y**3/3 + y**2/2 + 1. Let j(n) = 4*n**2 + 3*n - 11. Let s(w) = -3*c(w) + j(w). Determine s(u).
-11
Let o(n) = 2*n + 4*n - 3*n**2 + 4*n**2 + 1. Suppose -6*s = -3*s - 3*k + 18, 5*s + 34 = 3*k. Let g = s - -3. Give o(g).
-4
Let l(f) = 3*f - f**2 - 4*f - 1 - f + 4*f**2 + 2. What is l(-3)?
34
Let m(u) = -3*u**2 + 11*u - 5. Suppose -7*x + 3*y = -4*x - 27, -4*x + 3*y + 34 = 0. Give m(x).
-75
Let x(t) = 8*t**3 + 2*t - t - 21*t**3. Suppose 3*r - 22 = 4*v, -69 = -15*v + 18*v - 11*r. What is x(v)?
12
Let c(s) = -4*s + 16. Suppose 0 = 12*i - 81 - 51. Give c(i).
-28
Let l = 8 - 20. Let x be 4*(33/l - -4). Let s(d) = -d + 5. Give s(x).
0
Let v(g) be the second derivative of -g**3/6 + 4*g**2 + 33*g. Determine v(13).
-5
Let w(u) be the first derivative of -1/2*u**2 + 3*u + 15. Calculate w(2).
1
Let s(y) be the second derivative of y**5/20 - 7*y**4/12 + 4*y**2 - y. Suppose -3*l + 4*r + 25 = 0, 4*r + 47 = 2*l + 29. What is s(l)?
8
Let w = 8 - 5. Let r(l) = -l**2 - 22*l - 1. Let m(p) = -7*p. Let b(y) = 7*m(y) - 2*r(y). Calculate b(w).
5
Let f(h) = -3*h + 4*h + 0 - 4*h + 2. Let p = 79 + -82. Give f(p).
11
Let a be 6/4 - 6052/4080. Let d(s) be the third derivative of 0*s**3 + 0*s + 7/24*s**4 - a*s**5 - 2*s**2 + 0. What is d(6)?
6
Let o(c) = 2*c**2 - 11*c - 15. Let y(g) = 3*g**2 - 11*g - 14. Let h(w) = -4*o(w) + 3*y(w). Let j be h(-10). Let f(l) = -l + 3. What is f(j)?
-5
Suppose -5*z + 4*y + 14 = 0, 3*z + 5*y = 7*z - 13. Let q(j) = 4 + z + 1 - 2*j. Calculate q(5).
-3
Let z(k) = k**2 + 5*k + 3. Let i be 5/(-2)*12/(-15). Suppose 8*t = i*t - 30. What is z(t)?
3
Let s(o) = 2*o**3 - 4*o**2 + 3*o. Let t be s(2). Let l be 75/t*(2 - 0). Suppose q = -